 a be o(19). Suppose a*h - 156 = -8*h. What is the greatest common factor of h and 16?
4
Let f be 45/(-2)*3500/(-375). Calculate the greatest common factor of 1680 and f.
210
Let l(v) = 3 - 29*v**3 - 8*v**2 + 12*v**2 + 2*v + 0. Let p be l(-2). Calculate the greatest common divisor of p and 13.
13
Let l(p) = 2*p**3 + 8*p**2 - 24*p + 8. Let o be l(-6). Suppose o*y - 9*y + 49 = 0. What is the highest common divisor of 14 and y?
7
Let j be (-664)/(-22) - (3 - (-124)/(-44)). Let v = j + -109. Let h = -70 - v. What is the greatest common factor of h and 99?
9
Suppose -151 = -7*z + 87. Let m = -229 - -365. Calculate the highest common factor of m and z.
34
Let x be (99/55)/(63/3360). What is the highest common factor of x and 36?
12
Let x(n) = n**3 + 140*n**2 - 866*n + 12. Let u be x(6). What is the greatest common factor of u and 11502?
18
Suppose -2*j - 109 = -4*q - 253, 4*q = -8. Calculate the highest common divisor of j and 374.
34
Suppose 2*m = -6 + 10. Let r be 11/55 - (552/10 - m). Let n = -51 - r. Calculate the highest common divisor of n and 16.
2
Let t(u) = u**3 - 12*u**2 - 13*u - 8. Let n be t(12). Let x be -4*(6 - n/(-16)). What is the greatest common divisor of x and 136?
17
Let a(k) = 2868*k**2 - 2080*k + 4164. Let m be a(2). What is the highest common factor of m and 76?
76
Let p(s) = s**3 - 3*s**2 + 4*s - 3. Let n be p(0). Let d(u) = -u**2 - 6*u + 12. Let x be d(n). Calculate the highest common factor of 9 and x.
3
Let f = -6406 + 6412. Suppose -3*r - 3*i = -0*r + 81, -5*r + 2*i = 149. Let a = f - r. Calculate the highest common divisor of 14 and a.
7
Let x(g) = 12*g**2 - 49*g + 28. Let n be x(4). Calculate the greatest common divisor of 372 and n.
12
Let j = 15 - 7. Suppose 3*z = 7*z - 320. Calculate the highest common divisor of z and j.
8
Let c(d) = -d**2 - 152*d + 629. Let u be c(4). Calculate the greatest common factor of u and 8060.
5
Let q be 62364/10 + (24/(-40))/(1 + -2). Calculate the greatest common divisor of 27 and q.
27
Suppose -361 = -5*q - 356. Let y be (-44 - q)*(-7 - -6). Calculate the highest common divisor of y and 25.
5
Suppose 0 = 3*t - c + 24, 0*c = -2*c + 6. Let h(q) = -8*q - 48. Let d be h(t). What is the greatest common factor of 68 and d?
4
Let y(l) = -2*l**2 - 2*l - 1816. Let s be y(0). Let d = s - -896. Let o be (d/(-25))/((-4)/(-10)). Calculate the greatest common factor of 23 and o.
23
Let t be (-6)/(-24) + 1/(-4). Suppose -2*d + t*d + 40 = 0. Let b = 282 + -62. What is the greatest common factor of b and d?
20
Let w(p) = -p - 1. Let c(m) = 6*m + 3. Let i(v) = -c(v) - 5*w(v). Let k be i(-8). Let l = 7225 - 7205. Calculate the greatest common factor of l and k.
10
Suppose 35*g - 3013 = 2878 + 969. What is the highest common divisor of g and 147?
49
Suppose 103*c - 194*c = -4914. Calculate the highest common factor of 5868 and c.
18
Let c(i) = 17*i**2 + 36*i + 348. Let m be c(0). What is the highest common divisor of 8584 and m?
116
Let d(z) = z + 94. Let i be d(-78). What is the greatest common factor of i and 2000?
16
Let x(v) = -v**2 - 14*v - 40. Let m be x(-9). Suppose l + 97 = 3*z + m*l, 5*l - 20 = 0. Calculate the greatest common divisor of 81 and z.
27
Suppose -3*t + 1854 = 1734. Suppose 2*o - 6*h = -5*h + 5, 0 = -o + 4*h - 15. What is the highest common divisor of o and t?
5
Let q(a) = 2*a**3 - 61*a**2 + 34*a - 78. Let j be q(30). Calculate the highest common factor of 6720 and j.
42
Suppose 6*z - 2*z = 16, 4*v - 4*z = 240. Suppose k = 5*k + u - 249, 2*u - v = -k. Suppose -6 = 7*y - k. What is the greatest common factor of 24 and y?
8
Suppose 0 = 29*u - 939 - 2077. What is the greatest common factor of 5460 and u?
52
Let w(o) = -78*o + 321. Let y be w(-18). Calculate the greatest common divisor of 414 and y.
69
Let l(w) = 19*w - 85. Let q be l(4). Let n be 3 - q/((-27)/(-141)). Calculate the highest common factor of n and 70.
10
Let r be (-56928)/(-64) - (-6)/4. What is the greatest common factor of 1863 and r?
81
Let p be (13/((-26)/(-36)))/((-3)/(-10)). Suppose 0 = 2*a + 4*z - 44, 0 = -0*a + 3*a - 2*z - 58. What is the greatest common divisor of p and a?
20
Suppose -86*q + 356374 = -45157 + 53403. What is the highest common factor of q and 22?
22
Let n be (-25 - -8*(-4)/32)*-1. Calculate the greatest common factor of n and 3406.
26
Let m be (-6)/((-42)/6 - -5). Let c(y) = y**3 - 8*y**2 + 4*y - 4. Let o be c(9). Suppose 2*x + 111 = o. Calculate the highest common divisor of m and x.
1
Let l be (54/(-4))/(2/(-4)). Let i(j) = j**3 - j + 15. Let o be i(0). Suppose o*d - 14*d = 216. What is the highest common divisor of l and d?
27
Let j = 757 - 655. Suppose 1350 = 4*c + j. What is the highest common factor of 36 and c?
12
Suppose 256 + 344 = 12*o. Suppose -8*u + 458 = o. Calculate the greatest common factor of u and 510.
51
Let c(y) = -2*y**3 - 67*y**2 + 124*y + 51. Let t be c(-37). Calculate the highest common factor of 18 and t.
6
Suppose -69*g - 480 = -86*g + 132. Suppose 0*z - z = -2. Suppose 0 = 2*s + 3*o - 86 - 16, z*s - 4*o - 116 = 0. What is the greatest common divisor of s and g?
18
Suppose 134 + 14 = m + x, 0 = 5*m + x - 740. What is the greatest common factor of 7252 and m?
148
Let l = 36 - 17. Suppose l*n = 18*n + 4. Suppose -k = 2*k - 5*i - 163, -5*k - n*i = -210. Calculate the highest common divisor of k and 69.
23
Suppose 2*o + 2*i = -3*o + 1444, o = 4*i + 302. Let d be (-7)/21 + o/6. Suppose d = 4*z + 3*k + 6, 2 = z + 5*k. What is the highest common factor of z and 3?
3
Let s be (83/(-9) - -9)/(3/(-27)). Suppose 672 = s*x + 14*x. What is the highest common divisor of x and 54?
6
Let n = -97 + 65. Let v = 77 + n. Suppose 7*t - v = 39. Calculate the greatest common factor of 60 and t.
12
Let i be (26/(-10) - (-4)/(-10)) + -25. Let s be i/(-8)*276/14. Calculate the highest common divisor of 23 and s.
23
Let w be 0 - 0 - 31/(-1). Suppose w*y = 26*y + 65. Suppose 0 = -4*u - 8, 0*i - 5*u = 3*i + 7. Calculate the greatest common divisor of i and y.
1
Let g(n) = -2*n**3 + 2*n**2 - 10*n + 3. Let r be g(-6). Suppose 0 = k - 3*p - r, 5*k + 9*p = 10*p + 2835. Calculate the highest common divisor of 21 and k.
21
Let i = -145 + 181. Suppose 0 = -4*p + 2*f + i, -3*p + 32*f - 29*f = -21. What is the highest common factor of p and 3?
1
Let s = -170 + 615. Let f = 1140 - 1135. Calculate the highest common divisor of s and f.
5
Let r = -155 + -16. Let p = r + 191. What is the highest common factor of 10 and p?
10
Suppose -456*r = -467*r + 3619. What is the highest common factor of 7097 and r?
47
Let p(m) = 73*m**3 - 416*m**2 + 834*m + 6. Let f be p(2). What is the highest common divisor of f and 1650?
66
Let a be (28 - 4)/3 + -48. Let l be 3*(a/(-15))/(-8) - -961. What is the highest common divisor of l and 40?
40
Suppose -2*v - 5*v + 455 = 0. Suppose 2*f = 4*d + 2238, 3*f + 1077 = 4*f + 4*d. Calculate the highest common factor of v and f.
65
Let w = 123 - 96. Suppose 0 = -2*u - 4*c + 36, 5*u = 3*c + w + 11. Calculate the greatest common divisor of u and 10.
10
Let p be (4 + -2 - 0)/(6/(-48)). Let c(x) = 7*x - 13*x + 7*x + 26. Let u be c(p). What is the highest common divisor of u and 170?
10
Suppose -5*d - 96 = -t - 0*d, 5*d - 192 = -2*t. Let s be (30/105 - 0)/((-1)/(-42)). Calculate the greatest common factor of s and t.
12
Let g be (-3326)/(-30) - 10/(-225)*3. Let x be -5 + 4 + 5 + g*4. What is the highest common factor of x and 28?
28
Let v = 140 + -99. Suppose 5*f = -136*o + 140*o + 631, -9*f + 1123 = -4*o. What is the highest common divisor of f and v?
41
Let a(h) = -h**3 + 64*h**2 - 190*h + 818. Let g be a(61). What is the greatest common factor of g and 943?
23
Suppose w + 5*h = 4*w - 790, 3*h = -2*w + 495. Let y = -164162 + 164192. What is the highest common factor of w and y?
15
Let d(i) = 2*i**2 + 41*i + 1214. Let u be d(-32). Calculate the greatest common divisor of u and 2550.
150
Let u(t) be the first derivative of -t**4/4 + 4*t**3/3 + 17*t**2/2 - 32*t - 85. Let d be u(5). Calculate the greatest common factor of 7 and d.
7
Let w be 1240/6 + (-2)/(-6). Suppose -5*i - 16 = 114. Let d be w/138 - (i/4 + 0). What is the highest common factor of 64 and d?
8
Suppose -4 = k, 5*k + 13806 = 5*y + 1681. What is the highest common factor of y and 5111?
269
Suppose -9 + 39 = -5*g. Let r be g/45 - 